{"id":523,"date":"2021-04-22T19:02:10","date_gmt":"2021-04-22T19:02:10","guid":{"rendered":"https:\/\/onnasweaters.com.ar\/sitioweb\/?page_id=523"},"modified":"2024-04-18T14:51:35","modified_gmt":"2024-04-18T14:51:35","slug":"venta-por-mayor-2","status":"publish","type":"page","link":"https:\/\/onnasweaters.com.ar\/sitioweb\/venta-por-mayor-2\/","title":{"rendered":"Venta Por Mayor"},"content":{"rendered":"\t\t<div data-elementor-type=\"wp-page\" data-elementor-id=\"523\" class=\"elementor elementor-523\">\n\t\t\t\t\t\t<section class=\"elementor-section elementor-top-section elementor-element elementor-element-136f2cf elementor-section-boxed elementor-section-height-default elementor-section-height-default\" data-id=\"136f2cf\" data-element_type=\"section\" data-e-type=\"section\">\n\t\t\t\t\t\t<div class=\"elementor-container elementor-column-gap-default\">\n\t\t\t\t\t<div class=\"elementor-column elementor-col-100 elementor-top-column elementor-element elementor-element-753b09f\" data-id=\"753b09f\" data-element_type=\"column\" data-e-type=\"column\">\n\t\t\t<div class=\"elementor-widget-wrap elementor-element-populated\">\n\t\t\t\t\t\t<div class=\"elementor-element elementor-element-49c7ca5 elementor-widget elementor-widget-heading\" data-id=\"49c7ca5\" data-element_type=\"widget\" data-e-type=\"widget\" data-widget_type=\"heading.default\">\n\t\t\t\t<div class=\"elementor-widget-container\">\n\t\t\t\t\t<h2 class=\"elementor-heading-title elementor-size-default\">Ventas Por Mayor<\/h2>\t\t\t\t<\/div>\n\t\t\t\t<\/div>\n\t\t\t\t<div class=\"elementor-element elementor-element-1ad6a04 elementor-widget elementor-widget-text-editor\" data-id=\"1ad6a04\" data-element_type=\"widget\" data-e-type=\"widget\" data-widget_type=\"text-editor.default\">\n\t\t\t\t<div class=\"elementor-widget-container\">\n\t\t\t\t\t\t\t\t\t<p>Onna Sweaters dispone la venta de sus productos al por mayor, para boutique, tiendas y para personas que quieran empezar su propio emprendimiento desde sus casas.<\/p>\n<p>Los precios para una compra por mayor poseen una lista de precio especial.<\/p>\n<p>Una vez conocida la colecci\u00f3n las compras se pueden efectuar por email o tel\u00e9fono y los pagos se realizan por medios de dep\u00f3sitos bancarios giros postales y billeteras virtuales.<br><\/p>\n<p>Los pedidos ser\u00e1n enviados (a pagar por el comprador) desde la ciudad de mar del plata, por los transportes de carga o colectivos (seg\u00fan lo solicitado por el cliente), a los diferentes destinos en todo el pa\u00eds y en el exterior.<\/p>\n<p><\/p>\t\t\t\t\t\t\t\t<\/div>\n\t\t\t\t<\/div>\n\t\t\t\t\t<\/div>\n\t\t<\/div>\n\t\t\t\t\t<\/div>\n\t\t<\/section>\n\t\t\t\t<section class=\"elementor-section elementor-top-section elementor-element elementor-element-3dfae60 elementor-section-boxed elementor-section-height-default elementor-section-height-default\" data-id=\"3dfae60\" data-element_type=\"section\" data-e-type=\"section\">\n\t\t\t\t\t\t<div class=\"elementor-container elementor-column-gap-default\">\n\t\t\t\t\t<div class=\"elementor-column elementor-col-100 elementor-top-column elementor-element elementor-element-5d1859a\" data-id=\"5d1859a\" data-element_type=\"column\" data-e-type=\"column\">\n\t\t\t<div class=\"elementor-widget-wrap elementor-element-populated\">\n\t\t\t\t\t\t<div class=\"elementor-element elementor-element-9cf3c0a elementor-widget elementor-widget-html\" data-id=\"9cf3c0a\" data-element_type=\"widget\" data-e-type=\"widget\" data-widget_type=\"html.default\">\n\t\t\t\t<div class=\"elementor-widget-container\">\n\t\t\t\t\t<!doctype html>\r\n<html>\r\n<head>\r\n<meta charset=\"utf-8\">\r\n<title>Formulario<\/title>\r\n\t <style>\r\n\t\t \/* Estilos generales *\/\r\nbody {\r\n  font-family: Arial, sans-serif;\r\n  margin: 0;\r\n  padding: 20px;\r\n}\r\n\r\nh1 {\r\n  text-align: center;\r\n  margin-bottom: 20px;\r\n}\r\n\r\n.form-group {\r\n  margin-bottom: 15px;\r\n}\r\n\r\nlabel {\r\n  display: block;\r\n  margin-bottom: 5px;\r\n}\r\n\r\ninput[type=\"text\"],\r\ninput[type=\"email\"],\r\ninput[type=\"tel\"],\r\nselect,\r\ntextarea {\r\n  width: 100%;\r\n  padding: 8px;\r\n  border: 1px solid #ccc;\r\n  border-radius: 4px;\r\n}\r\n\r\ntextarea {\r\n  height: 100px;\r\n}\r\n\r\nbutton[type=\"submit\"] {\r\n  background-color: #007bff;\r\n  color: white;\r\n  padding: 10px 20px;\r\n  border: none;\r\n  border-radius: 4px;\r\n  cursor: pointer;\r\n}\r\n\r\n\/* Estilos espec\u00edficos del formulario *\/\r\n#formMayoristas {\r\n  max-width: 500px;\r\n  margin: 0 auto;\r\n}\r\n\r\n#formMayoristas label {\r\n  font-weight: bold;\r\n}\r\n\r\n#provincia {\r\n  width: auto;\r\n}\r\n\r\n\/* Colores *\/\r\n.btn-primary {\r\n  background-color: #007bff;\r\n  border-color: #007bff;\r\n}\r\n\r\n.btn-primary:hover {\r\n  background-color: #0056b3;\r\n  border-color: #0056b3;\r\n}\r\n\r\n\t\t  <\/style>\r\n<\/head>\r\n\r\n<body>\r\n\t<form id=\"formMayoristas\" action=\"https:\/\/onnasweaters.com.ar\/formulario\/consulta_mayor.php\" method=\"post\">\r\n\r\n  <div class=\"form-group\">\r\n    <label for=\"nombre\">Nombre:<\/label>\r\n    <input type=\"text\" class=\"form-control\" id=\"nombre\" name=\"nombre\" placeholder=\"Ingrese su nombre completo\" required>\r\n  <\/div>\r\n\r\n  <div class=\"form-group\">\r\n    <label for=\"email\">Correo electr\u00f3nico:<\/label>\r\n    <input type=\"email\" class=\"form-control\" id=\"email\" name=\"email\" placeholder=\"Ingrese su direcci\u00f3n de correo electr\u00f3nico\" required>\r\n  <\/div>\r\n\r\n  <div class=\"form-group\">\r\n    <label for=\"telefono\">Tel\u00e9fono:<\/label>\r\n    <input type=\"tel\" class=\"form-control\" id=\"telefono\" name=\"telefono\" placeholder=\"Ingrese su n\u00famero de tel\u00e9fono\" required>\r\n  <\/div>\r\n\r\n  <div class=\"form-group\">\r\n    <label for=\"empresa\">Empresa:<\/label>\r\n    <input type=\"text\" class=\"form-control\" id=\"empresa\" name=\"empresa\" placeholder=\"Ingrese el nombre de su empresa\" required>\r\n  <\/div>\r\n\r\n  <div class=\"form-group\">\r\n    <label for=\"empresa\">Provincia:<\/label>\r\n    <input type=\"text\" class=\"form-control\" id=\"provincia\" name=\"provincia\" placeholder=\"Ingrese la Provincia\" required>\r\n  <\/div>\r\n\r\n  <div class=\"form-group\">\r\n    <label for=\"localidad\">Localidad:<\/label>\r\n    <input type=\"text\" class=\"form-control\" id=\"localidad\" name=\"localidad\" placeholder=\"Ingrese su localidad\"required>\r\n  <\/div>\r\n\r\n  <div class=\"form-group\">\r\n    <label for=\"mensaje\">Mensaje:<\/label>\r\n    <textarea class=\"form-control\" id=\"mensaje\" name=\"mensaje\" rows=\"3\" placeholder=\"Ingrese su mensaje\" required><\/textarea>\r\n  <\/div>\r\n\r\n  <button type=\"submit\" class=\"btn btn-primary\">Enviar<\/button>\r\n\r\n<\/form>\r\n\r\n<\/body>\r\n<\/html>\t\t\t\t<\/div>\n\t\t\t\t<\/div>\n\t\t\t\t\t<\/div>\n\t\t<\/div>\n\t\t\t\t\t<\/div>\n\t\t<\/section>\n\t\t\t\t<\/div>\n\t\t","protected":false},"excerpt":{"rendered":"<p>Ventas Por Mayor Onna Sweaters dispone la venta de sus productos al por mayor, para boutique, tiendas y para personas que quieran empezar su propio emprendimiento desde sus casas. Los precios para una compra por mayor poseen una lista de precio especial. Una vez conocida la colecci\u00f3n las compras se pueden efectuar por email o [&hellip;]<\/p>\n","protected":false},"author":2,"featured_media":0,"parent":0,"menu_order":0,"comment_status":"closed","ping_status":"closed","template":"","meta":{"site-sidebar-layout":"no-sidebar","site-content-layout":"page-builder","ast-site-content-layout":"default","site-content-style":"default","site-sidebar-style":"default","ast-global-header-display":"","ast-banner-title-visibility":"","ast-main-header-display":"","ast-hfb-above-header-display":"","ast-hfb-below-header-display":"","ast-hfb-mobile-header-display":"","site-post-title":"disabled","ast-breadcrumbs-content":"","ast-featured-img":"disabled","footer-sml-layout":"","ast-disable-related-posts":"","theme-transparent-header-meta":"default","adv-header-id-meta":"","stick-header-meta":"","header-above-stick-meta":"","header-main-stick-meta":"","header-below-stick-meta":"","astra-migrate-meta-layouts":"default","ast-page-background-enabled":"default","ast-page-background-meta":{"desktop":{"background-color":"","background-image":"","background-repeat":"repeat","background-position":"center center","background-size":"auto","background-attachment":"scroll","background-type":"","background-media":"","overlay-type":"","overlay-color":"","overlay-opacity":"","overlay-gradient":""},"tablet":{"background-color":"","background-image":"","background-repeat":"repeat","background-position":"center center","background-size":"auto","background-attachment":"scroll","background-type":"","background-media":"","overlay-type":"","overlay-color":"","overlay-opacity":"","overlay-gradient":""},"mobile":{"background-color":"","background-image":"","background-repeat":"repeat","background-position":"center center","background-size":"auto","background-attachment":"scroll","background-type":"","background-media":"","overlay-type":"","overlay-color":"","overlay-opacity":"","overlay-gradient":""}},"ast-content-background-meta":{"desktop":{"background-color":"var(--ast-global-color-5)","background-image":"","background-repeat":"repeat","background-position":"center center","background-size":"auto","background-attachment":"scroll","background-type":"","background-media":"","overlay-type":"","overlay-color":"","overlay-opacity":"","overlay-gradient":""},"tablet":{"background-color":"var(--ast-global-color-5)","background-image":"","background-repeat":"repeat","background-position":"center center","background-size":"auto","background-attachment":"scroll","background-type":"","background-media":"","overlay-type":"","overlay-color":"","overlay-opacity":"","overlay-gradient":""},"mobile":{"background-color":"var(--ast-global-color-5)","background-image":"","background-repeat":"repeat","background-position":"center center","background-size":"auto","background-attachment":"scroll","background-type":"","background-media":"","overlay-type":"","overlay-color":"","overlay-opacity":"","overlay-gradient":""}},"footnotes":""},"class_list":["post-523","page","type-page","status-publish","hentry"],"_links":{"self":[{"href":"https:\/\/onnasweaters.com.ar\/sitioweb\/wp-json\/wp\/v2\/pages\/523","targetHints":{"allow":["GET"]}}],"collection":[{"href":"https:\/\/onnasweaters.com.ar\/sitioweb\/wp-json\/wp\/v2\/pages"}],"about":[{"href":"https:\/\/onnasweaters.com.ar\/sitioweb\/wp-json\/wp\/v2\/types\/page"}],"author":[{"embeddable":true,"href":"https:\/\/onnasweaters.com.ar\/sitioweb\/wp-json\/wp\/v2\/users\/2"}],"replies":[{"embeddable":true,"href":"https:\/\/onnasweaters.com.ar\/sitioweb\/wp-json\/wp\/v2\/comments?post=523"}],"version-history":[{"count":30,"href":"https:\/\/onnasweaters.com.ar\/sitioweb\/wp-json\/wp\/v2\/pages\/523\/revisions"}],"predecessor-version":[{"id":4283,"href":"https:\/\/onnasweaters.com.ar\/sitioweb\/wp-json\/wp\/v2\/pages\/523\/revisions\/4283"}],"wp:attachment":[{"href":"https:\/\/onnasweaters.com.ar\/sitioweb\/wp-json\/wp\/v2\/media?parent=523"}],"curies":[{"name":"wp","href":"https:\/\/api.w.org\/{rel}","templated":true}]}}